f 6430683 and 532.
133
Calculate the greatest common factor of 145 and 19718100.
5
What is the greatest common factor of 22968 and 37987506?
522
What is the highest common factor of 15631 and 3626?
49
Calculate the greatest common divisor of 190816513 and 12273.
4091
Calculate the highest common divisor of 53105627 and 361.
361
Calculate the highest common factor of 49057136 and 32.
16
What is the greatest common factor of 2526033 and 795?
159
What is the highest common factor of 114 and 43432594?
38
What is the greatest common factor of 1149000807 and 129?
129
Calculate the greatest common factor of 358026 and 108.
6
What is the greatest common divisor of 1137 and 16724891?
379
Calculate the greatest common divisor of 31 and 113077150.
31
What is the greatest common divisor of 5192 and 314256184?
5192
Calculate the highest common factor of 30 and 253547010.
30
Calculate the greatest common divisor of 3875 and 14675.
25
Calculate the highest common divisor of 93181 and 1789942.
2167
Calculate the highest common factor of 1163 and 4821798.
1163
What is the greatest common divisor of 5890 and 952180345?
2945
Calculate the highest common factor of 1504237032 and 72.
72
Calculate the highest common factor of 24100 and 466576.
964
Calculate the greatest common factor of 44568 and 15183.
9
What is the greatest common divisor of 3080020 and 220?
20
What is the highest common divisor of 4983 and 364100?
11
Calculate the greatest common divisor of 112367 and 69287.
359
Calculate the greatest common factor of 65160 and 76392.
72
Calculate the highest common divisor of 464281970 and 3390.
1130
Calculate the greatest common divisor of 2680 and 11128968.
536
Calculate the greatest common factor of 1172521 and 3745.
7
What is the highest common divisor of 1760 and 34239535?
55
What is the greatest common divisor of 107560 and 2140?
20
Calculate the greatest common factor of 24354773 and 83.
83
What is the greatest common factor of 106892284 and 13885?
2777
What is the highest common divisor of 11837 and 72667?
7
Calculate the highest common factor of 430 and 95270.
10
Calculate the greatest common factor of 284599 and 812595.
763
What is the greatest common factor of 356 and 29508484?
356
What is the greatest common divisor of 1998022156 and 5876?
5876
What is the greatest common factor of 584 and 27506692?
292
Calculate the highest common divisor of 398160 and 1740291.
1659
Calculate the highest common factor of 1140250 and 103375.
125
What is the highest common divisor of 5152644 and 4116?
588
Calculate the highest common divisor of 65489880 and 960.
120
What is the highest common divisor of 330363 and 794277?
7029
What is the highest common divisor of 4670 and 46043398?
934
What is the greatest common divisor of 31568 and 451120?
16
What is the greatest common divisor of 229658 and 1535482?
1898
What is the greatest common factor of 5362786 and 935?
187
Calculate the greatest common factor of 35534700 and 675.
675
Calculate the highest common factor of 344 and 4989548.
172
What is the highest common divisor of 20304 and 163062?
18
Calculate the highest common factor of 58702 and 1015904.
1198
What is the greatest common factor of 714552 and 232?
8
Calculate the greatest common factor of 619125 and 85800.
975
What is the greatest common factor of 1461808 and 4330?
866
What is the highest common divisor of 7901838 and 39015?
2601
What is the highest common factor of 37370644 and 76?
76
What is the greatest common factor of 1206339 and 8154?
453
What is the greatest common divisor of 2912 and 3131856?
1456
What is the highest common divisor of 969827 and 1115?
223
What is the highest common factor of 1574073 and 135?
27
Calculate the highest common factor of 9108 and 6381.
9
Calculate the highest common divisor of 23 and 15593.
1
Calculate the greatest common factor of 13672610 and 31080.
2590
Calculate the greatest common divisor of 4239112 and 4816.
344
What is the highest common factor of 27439264 and 732?
244
Calculate the highest common divisor of 10349 and 188116.
131
What is the greatest common divisor of 2970 and 231444?
54
Calculate the greatest common factor of 25891920 and 720.
720
Calculate the greatest common divisor of 194649 and 109641.
483
Calculate the greatest common factor of 34224349 and 170.
17
Calculate the highest common factor of 13 and 1263747277.
13
What is the highest common divisor of 27090 and 14119910?
3010
Calculate the greatest common factor of 9069 and 1176908314.
3023
Calculate the greatest common factor of 1270 and 23808055.
635
Calculate the greatest common divisor of 10404 and 1079616.
12
What is the highest common divisor of 35188109 and 33?
11
Calculate the highest common divisor of 19399103 and 182544.
3803
What is the greatest common factor of 1787200 and 66400?
800
Calculate the greatest common divisor of 438572069 and 4981.
4981
What is the highest common factor of 20716 and 73248?
4
Calculate the highest common divisor of 76 and 13136847.
19
What is the highest common divisor of 540708 and 513156?
3444
What is the greatest common factor of 4048 and 133032?
184
What is the highest common factor of 90286 and 13853?
7
Calculate the highest common divisor of 72 and 343692.
36
Calculate the highest common factor of 67 and 651750004.
67
Calculate the greatest common factor of 21444369 and 522.
87
Calculate the greatest common divisor of 192016510 and 90.
10
What is the greatest common factor of 26115338 and 2713?
2713
Calculate the highest common divisor of 15645740 and 598092.
8668
Calculate the highest common factor of 2310 and 736560.
330
What is the greatest common divisor of 1908 and 6410244?
636
Calculate the greatest common divisor of 8469 and 14409.
9
Calculate the highest common divisor of 12 and 8221896.
12
What is the highest common divisor of 43484365 and 2370?
395
Calculate the greatest common factor of 48 and 33707832.
24
What is the greatest common factor of 524828 and 94691?
179
Calculate the greatest common factor of 7313706 and 21762.
1674
What is the greatest common factor of 4982 and 46334?
2
Calculate the highest common factor of 216464 and 129148.
332
Calculate the highest common divisor of 17875 and 6151475.
275
Calculate the greatest common divisor of 3824 and 449712.
16
Calculate the highest common factor of 1640652 and 40560.
2028
What is the greatest common factor of 76914 and 5004?
18
What is the highest common factor of 1578927 and 188209?
1127
Calculate the highest common factor of 204325 and 456202.
743
Calculate the greatest common factor of 1763 and 826929.
41
Calculate the greatest common divisor of 191873034 and 126.
18
Calculate the greatest common factor of 549276 and 5628.
84
What is the highest common divisor of 245500839 and 2763?
2763
What is the greatest common factor of 135 and 607062411?
27
Calculate the highest common divisor of 19220 and 22320.
620
Calculate the greatest common factor of 258909007 and 28.
7
What is the greatest common divisor of 16513588 and 94276?
2548
Calculate the highest common divisor of 4189 and 6953101.
71
What is the highest common factor of 423701 and 94227?
641
What is the highest common factor of 178242 and 818647?
487
What is the greatest common factor of 52514 and 34371260?
1694
What is the highest common divisor of 171 and 103790385?
9
Calculate the highest common factor of 987888 and 963600.
528
What is the greatest common divisor of 8333 and 24193?
13
What is the greatest common factor of 19 and 28451987?
19
What is the highest common factor of 85 and 524228626?
17
What is the greatest common factor of 220 and 44816860?
220
Calculate the greatest common factor of 5394120 and 500860.
1580
Calculate the highest common divisor of 487258 and 472874.
1798
Calculate the greatest common divisor of 16772 and 26596199.
4193
Calculate the greatest common factor of 187978 and 7308.
406
Calculate the highest common factor of 1083987 and 174537.
387
What is the greatest common factor of 305694900 and 3150?
3150
Calculate the highest common divisor of 724155 and 90505.
115
What is the greatest common factor of 30450 and 345129?
87
Calculate the greatest common factor of 110102370 and 11130.
210
Calculate the greatest common divisor of 70080 and 5025.
